late the greatest common divisor of q and b.
2
Suppose 0*j + 96 = 3*j. Suppose 2*h = j + 8. Let c be ((-5)/2)/((-5)/60). Calculate the greatest common divisor of c and h.
10
Let g be -5 + (-1)/1 + 126. What is the highest common divisor of g and 15?
15
Suppose -4*t = 4*r - 260 - 200, 3*t - 3*r = 375. Calculate the greatest common factor of 96 and t.
24
Let a = -277 - -296. What is the highest common factor of a and 247?
19
Let d = 726 - 702. What is the greatest common factor of d and 384?
24
Let t = 54 + -30. Let q be 6/(-5)*(-80)/t. Suppose -4*b - 2 = -q*u - 10, 6 = 3*u + b. What is the greatest common divisor of u and 1?
1
Let j(p) = -p - 1. Let x be (-2)/3 + 26/(-6). Let s be j(x). Suppose 8 = 2*y - 4*t, 3*y + 58 = 3*t + 79. What is the highest common factor of y and s?
2
Suppose 60 = 33*b - 27*b. Calculate the greatest common divisor of 110 and b.
10
Let c(y) = 6*y**2 + 5*y + 4. Let k(i) = -i**3 - 7*i**2 + 2*i + 10. Let n be k(-7). Let g be c(n). Calculate the greatest common divisor of 10 and g.
10
Let z(o) = -2*o - 29. Let p be z(-17). Suppose p*f - 173 = 252. Calculate the greatest common factor of f and 34.
17
Suppose 84 = 2*y - 2*g, 0 = 3*g + 11 - 2. Calculate the greatest common divisor of y and 299.
13
Suppose 5*y - 3*y = -416. Let g = y + 145. Let s = -24 - g. What is the highest common divisor of s and 13?
13
Let i(v) = -3*v - 27. Let p be i(-10). Let j be p/15 - 284/(-5). What is the highest common factor of 3 and j?
3
Suppose 0 = 9*k - 5*k - 144. Suppose 5*v - v - k = 0. Suppose 0 = -3*i - i + 72. What is the greatest common factor of v and i?
9
Suppose 37 = f - q, f = -4*q - 15 + 47. Suppose -8 - f = -4*j. Calculate the greatest common factor of 55 and j.
11
Suppose -13 = -4*q - 2*o + 15, 2*q - 4*o = 4. Let i be q - 3 - 3*-2. What is the greatest common factor of 3 and i?
3
Let k = 107 + -50. What is the highest common factor of k and 627?
57
Let c = 89 + -27. Let t = 62 - -4. Let f = 89 + t. Calculate the greatest common factor of f and c.
31
Let u(v) = -v**3 + v**2 - 2*v + 1. Let t be u(0). Let g = t - -17. Calculate the highest common factor of g and 6.
6
Suppose -2361 - 2127 = -17*p. Calculate the greatest common divisor of 33 and p.
33
Suppose 7*k - 2*j + 27 = 2*k, -5 = 2*k + 5*j. Let f be -2 - -2 - 3 - k. Let d = 0 - -1. What is the highest common divisor of d and f?
1
Suppose -w - 12 = 3*u - 0, -12 = u + 3*w. Suppose -2*m - t = 4 + 18, t + 34 = -3*m. Let p be 2 + m/u + 34. What is the highest common factor of p and 4?
4
Let j = -259 - -272. Calculate the highest common factor of j and 247.
13
Suppose 0 = 7*m + 8*m - 1950. What is the highest common divisor of 1755 and m?
65
Let y be 7 - (-1)/((-7)/(-1246)). What is the highest common divisor of y and 10?
5
Let z(u) = -u**2 - 13*u - 33. Let g be z(-6). What is the highest common factor of g and 99?
9
Suppose 31 = 5*h - 34. Suppose -4*n = -h + 1. Suppose 12 = -n*f + 36. Calculate the greatest common factor of 32 and f.
8
Let g be -2 - (1 - (8 - 2)). Let i be (-3 + 73)*g/6. Suppose -2*r + i = 3*r. What is the highest common divisor of r and 7?
7
Let a = -273 + 295. What is the highest common factor of a and 88?
22
Let q = 21 - -133. Calculate the highest common divisor of q and 56.
14
Let a = 281 + -128. Suppose 0 = -3*v + a - 9. What is the greatest common divisor of 48 and v?
48
Let o = 172 - 157. Calculate the greatest common factor of 195 and o.
15
Suppose -5*b = -f - 10, 18 = f - 6*b + 8*b. Calculate the greatest common divisor of 40 and f.
10
Let u = -1428 - -1448. Let z be 5/1*(0 + 10). What is the highest common factor of z and u?
10
Let z(n) = -7*n - 3. Let d be z(-1). Suppose -d*y + 104 = -0*y. Calculate the highest common divisor of y and 104.
26
Suppose 0 = -5*n - 3*t + 443, 1 = 5*n + t - 440. Calculate the greatest common factor of 99 and n.
11
Let i be 102/8 - 4/(112/(-35)). Let s be 2/(-7) - 296/(-7). Calculate the highest common divisor of i and s.
14
Let d = -2 - 20. Let k = -22 - d. Let f = k + 5. Calculate the greatest common divisor of f and 35.
5
Suppose -k + 4*f = -52, -k + 3*f + 47 = -0*f. Suppose 0*a - y = 3*a - 9, 5*a + 4*y = 8. What is the greatest common factor of k and a?
4
Let l be ((-45)/(-6))/(1/12). Let u be ((-18)/56*336/126)/((-2)/70). Calculate the greatest common divisor of u and l.
30
Suppose -2*g = g - 5*f, g + 4*f - 17 = 0. Suppose r = 0, g*r + 3 = -m + 203. Calculate the greatest common divisor of m and 40.
40
Let w(j) = -j**3 - j**2 + 26*j - 128. Let r be w(-8). Let l = 28 + -14. Calculate the greatest common factor of l and r.
14
Let v be 49 - (25/5 + -6) - -3. Let k = 0 + 0. Suppose k = -3*i + v + 67. Calculate the greatest common factor of 5 and i.
5
Suppose -2*v + 2*u + 20 = 0, -4*v - 2*u - 2*u = 0. What is the greatest common factor of 160 and v?
5
Let u = 9761 - 9704. Let l(x) = -49*x - 3. Let v be l(-2). Calculate the greatest common factor of v and u.
19
Suppose -199 - 106 = -5*c - 4*y, -5*c + 320 = y. What is the highest common factor of c and 715?
65
Let g = 9 + -6. Suppose b - 22 = -5*j, b - 1 = j + g*b. Suppose 2*t = j*t - 12. What is the greatest common factor of 16 and t?
4
Let v(b) = 46*b + 361. Let h be v(-7). Calculate the highest common factor of h and 1599.
39
Let o(s) = -s**3 + 4*s**2 + 3*s - 2. Let v be o(-3). What is the highest common factor of v and 1040?
52
Let d(k) = -k**2 - 8*k - 5. Let a be d(-5). Let x be 372 + (-4)/4*(-6)/3. Suppose 0 = -3*f + x - 104. Calculate the highest common divisor of a and f.
10
Let j(y) = -y**3 - 9*y**2 - 7*y + 14. Let a(z) = -z - 12. Let u be a(-4). Let v be j(u). What is the highest common factor of 4 and v?
2
Let n be (-17)/7 + 39/91. Let b be ((-39)/(-26))/(2/(-40)*n). What is the highest common factor of b and 165?
15
Suppose 13*l = 5*l + 2304. What is the highest common factor of l and 9?
9
Suppose 6*c - 2*x - 163 = c, 3*x = 3. Let r be (-8914)/(-30) - (-42)/(-315). Calculate the greatest common divisor of r and c.
33
Let n = 97 - 44. Let l = 68 - n. What is the greatest common divisor of l and 9?
3
Suppose s - 442 = -12*s. Let j be ((-2 - -4) + s)/(1 + 0). What is the highest common factor of j and 6?
6
Let h = -135 - -138. Suppose -b = h, -b = -u - 2*b + 28. Calculate the greatest common factor of u and 248.
31
Suppose -28*j + 22*j = -288. Calculate the highest common divisor of 3 and j.
3
Let s = -116 + 68. Let b be (s/(-40))/(3/25). Suppose -2*l + 3 + 1 = 0. Calculate the highest common divisor of l and b.
2
Let k be (20/4 - 4)*160. Suppose -4*p = p - k. Calculate the highest common factor of 4 and p.
4
Let n be ((-2 - -3) + -3)/((-12)/18). Suppose 0 = -z + 4*m + 34, z - 4*m + n*m = 22. Let q be 108/10*(-40)/(-3). Calculate the highest common factor of q and z.
18
Suppose l + 8 = -2*g - 3*l, 4*l = -12. Suppose -n + 2 + 6 = -g*a, -5*n + 5*a = -35. Calculate the greatest common factor of n and 18.
6
Let s be 2/5 - 46/115. Let j be 18 - ((-1)/3*s)/2. Calculate the greatest common divisor of 54 and j.
18
Suppose -h - 4*h - 24 = -a, 0 = -4*h - 16. Suppose 3*u = a*u - 7. Calculate the greatest common factor of u and 28.
7
Let y(n) = -1 + 4 - 3*n - 2. Let r be y(2). Let a be -1 - -10 - (r - -2). What is the highest common divisor of 18 and a?
6
Suppose -14*q + 1182 = 62. Calculate the greatest common factor of q and 64.
16
Suppose -2*q = -q + 10. Let h be 1/(0 + (-1)/q). Calculate the highest common divisor of 10 and h.
10
Let u = 92 + -53. Let s(f) = -f**3 - 30*f**2 - 28*f + 42. Let b(g) = -25*g - 4. Let q be b(1). Let n be s(q). Calculate the greatest common factor of u and n.
13
Let w = -38 + 40. Suppose -3*x - 31 - 50 = -3*d, w*x + 84 = 3*d. What is the greatest common divisor of d and 10?
10
Let f be ((-8)/(-6) - 1)/(110/145530). Calculate the greatest common divisor of f and 36.
9
Suppose 0 = -3*i - 2*o - 8 + 42, 4*i = -4*o + 40. Calculate the highest common factor of 266 and i.
14
Let h be (-455)/(-39)*18/21. Let x = 54 - 24. Calculate the highest common divisor of x and h.
10
Suppose 21*q - 413 = 259. Let i be (-1 - 0) + (159 - -2). Calculate the greatest common divisor of i and q.
32
Let o be (-3)/2*(-5 + 3). Suppose 186 = o*g + 75. Suppose 0 = a + 9 - g. What is the greatest common divisor of a and 4?
4
Suppose x = 2*r + 3*x - 24, -r + 5*x = -24. Let j be 96/5